{"id":2350,"date":"2018-01-11T11:12:59","date_gmt":"2018-01-11T10:12:59","guid":{"rendered":"https:\/\/aluminismercade.panelserver.org\/tienda\/cor-vision-corredera-rpt\/"},"modified":"2019-02-05T17:17:35","modified_gmt":"2019-02-05T16:17:35","slug":"cor-vision-corredera-rpt","status":"publish","type":"product","link":"https:\/\/aluminismercade.com\/es\/producto\/ventanas-correderas-es\/cor-vision-corredera-rpt\/","title":{"rendered":"COR Visi\u00f3n Corredera RPT"},"content":{"rendered":"<p>[vc_row][vc_column][vc_tta_tabs][vc_tta_section title=\u00bbDatos T\u00e9cnicos\u00bb tab_id=\u00bb1515660728564-a9742037-414f914c-668b\u00bb][vc_row_inner][vc_column_inner width=\u00bb1\/2&#8243;][vc_column_text]<\/p>\n<div style=\"color: black;\"><strong>Espesor m\u00e1ximo de vidrio:<\/strong> 30 mm<br \/>\n<strong>Conjuntos:<\/strong> Marc &#8211; 116 mm monocarril; 182 mm tricarril \/ Hoja &#8211; 37 mm<br \/>\n<strong>Grosor del perfil:<\/strong> Puerta 1,7 mm<br \/>\n<strong>Longitud de la tira de poliamida:<\/strong> 16 a 24 mm<\/div>\n<p>[\/vc_column_text][\/vc_column_inner][vc_column_inner width=\u00bb1\/2&#8243;][vc_column_text]<\/p>\n<div style=\"color: black;\"><strong>Posibilidades de apertura:<\/strong><br \/>\nCorredera de 2, 3, 4, y 6 hojas.<br \/>\nPosibilidad mono y tricarril.<br \/>\nPosibilidad de encuentros a 90\u00ba sin parteluz.<br \/>\nGlandage de 1 y 2 hojas<\/div>\n<p>[\/vc_column_text][\/vc_column_inner][\/vc_row_inner][\/vc_tta_section][vc_tta_section title=\u00bbAcabados &#8211; Dimensiones &#8211; Peso\u00bb tab_id=\u00bb1515663150668-47ba11f3-6355914c-668b\u00bb][vc_row_inner][vc_column_inner width=\u00bb1\/2&#8243;][vc_column_text]<\/p>\n<div style=\"color: black;\">\n<p><strong><span class=\"notranslate\">Acabados:<br \/>\n<\/span><\/strong>Posibilidad de sistemas bicolores<br \/>\nRecubrimiento en polvo de color (RAL, maltratadas y \u00e1speras)<br \/>\nRevestimiento en polvo de efecto de madera<br \/>\nRecubrimiento en polvo antibacteriano<br \/>\nAnodinado<\/p>\n<\/div>\n<p>[\/vc_column_text][\/vc_column_inner][vc_column_inner width=\u00bb1\/2&#8243;][vc_column_text]<\/p>\n<div style=\"color: black;\">\n<p><strong>Dimensiones m\u00e1ximas \/ hoja:<\/strong><br \/>\nAncho (L) = 2.200 mm<br \/>\nAltura (H) = 3.000 mm<\/p>\n<p><strong>Peso m\u00e1ximo \/ hoja: <\/strong><span class=\"notranslate\">320 kg<br \/>\n<em>Consulta sobre el peso m\u00e1ximo y las dimensiones seg\u00fan los tipos<\/em><br \/>\n<\/span><\/p>\n<p>&nbsp;<\/p>\n<\/div>\n<p>[\/vc_column_text][\/vc_column_inner][\/vc_row_inner][\/vc_tta_section][\/vc_tta_tabs][\/vc_column][\/vc_row]<\/p>\n","protected":false},"excerpt":{"rendered":"<div style=\"color: black;\">\n<h4>Descripci\u00f3n[dt_divider style=\"thin\" \/]<\/h4>\n<p>Sistema de corredera con rotura de puente t\u00e9rmico de dise\u00f1o vanguardista que permite m\u00e1xima luminosidad.<br \/>\nPosibilidad de embutir los marcos inferiores, superiores y laterales.<br \/>\nEn la versi\u00f3n monocarril, presenta un carril oculto en la zona fija.<\/p>\n<p><a href=\"http:\/\/aluminismercade.com\/es\/contacto\/\"><img loading=\"lazy\" class=\"alignnone size-medium wp-image-2247\" src=\"http:\/\/aluminismercade.com\/wp-content\/uploads\/2018\/01\/boto_final_es-300x58.png\" alt=\"\" width=\"300\" height=\"58\" srcset=\"https:\/\/aluminismercade.com\/wp-content\/uploads\/2018\/01\/boto_final_es-300x58.png 300w, https:\/\/aluminismercade.com\/wp-content\/uploads\/2018\/01\/boto_final_es-768x147.png 768w, https:\/\/aluminismercade.com\/wp-content\/uploads\/2018\/01\/boto_final_es-1024x197.png 1024w, https:\/\/aluminismercade.com\/wp-content\/uploads\/2018\/01\/boto_final_es.png 1875w\" sizes=\"(max-width: 300px) 100vw, 300px\" \/><\/a><\/p>\n<\/div>\n","protected":false},"featured_media":2040,"template":"","meta":[],"yoast_head":"<!-- This site is optimized with the Yoast SEO plugin v18.3 - https:\/\/yoast.com\/wordpress\/plugins\/seo\/ -->\n<title>Ventanas Correderas Cortizo de Lleida<\/title>\n<meta name=\"description\" content=\"Suministro y colocaci\u00f3n de ventanas de aluminio y PVC, marcas Cortizo y Komerling.\" \/>\n<meta name=\"robots\" content=\"index, follow, max-snippet:-1, max-image-preview:large, max-video-preview:-1\" \/>\n<link rel=\"canonical\" href=\"https:\/\/aluminismercade.com\/es\/producto\/ventanas-correderas-es\/cor-vision-corredera-rpt\/\" \/>\n<meta property=\"og:locale\" content=\"es_ES\" \/>\n<meta property=\"og:type\" content=\"article\" \/>\n<meta property=\"og:title\" content=\"Ventanas Correderas Cortizo de Lleida\" \/>\n<meta property=\"og:description\" content=\"Suministro y colocaci\u00f3n de ventanas de aluminio y PVC, marcas Cortizo y Komerling.\" \/>\n<meta property=\"og:url\" content=\"https:\/\/aluminismercade.com\/es\/producto\/ventanas-correderas-es\/cor-vision-corredera-rpt\/\" \/>\n<meta property=\"og:site_name\" content=\"Aluminis Mercad\u00e9 - Lleida, Torrefarrera, tancaments, pvc, reparacions, mampares, persianes, mosquiteres, barenes, portes, enrollables, estores, toldo, sostres, etc.\" \/>\n<meta property=\"article:modified_time\" content=\"2019-02-05T16:17:35+00:00\" \/>\n<meta property=\"og:image\" content=\"https:\/\/aluminismercade.com\/wp-content\/uploads\/2018\/01\/COR-VISION-orto.jpg\" \/>\n\t<meta property=\"og:image:width\" content=\"768\" \/>\n\t<meta property=\"og:image:height\" content=\"768\" \/>\n\t<meta property=\"og:image:type\" content=\"image\/jpeg\" \/>\n<meta name=\"twitter:card\" content=\"summary\" \/>\n<meta name=\"twitter:label1\" content=\"Tiempo de lectura\" \/>\n\t<meta name=\"twitter:data1\" content=\"1 minuto\" \/>\n<script type=\"application\/ld+json\" class=\"yoast-schema-graph\">{\"@context\":\"https:\/\/schema.org\",\"@graph\":[{\"@type\":\"WebSite\",\"@id\":\"https:\/\/aluminismercade.com\/#website\",\"url\":\"https:\/\/aluminismercade.com\/\",\"name\":\"Aluminis Mercad\u00e9 - Lleida, Torrefarrera, tancaments, pvc, reparacions, mampares, persianes, mosquiteres, barenes, portes, enrollables, estores, toldo, sostres, etc.\",\"description\":\"Lleida, Torrefarrera, tancaments, pvc, reparacions, mampares, persianes, mosquiteres, barenes, portes, enrollables, estores, toldo, sostres, etc.\",\"potentialAction\":[{\"@type\":\"SearchAction\",\"target\":{\"@type\":\"EntryPoint\",\"urlTemplate\":\"https:\/\/aluminismercade.com\/?s={search_term_string}\"},\"query-input\":\"required name=search_term_string\"}],\"inLanguage\":\"es\"},{\"@type\":\"ImageObject\",\"@id\":\"https:\/\/aluminismercade.com\/es\/producto\/ventanas-correderas-es\/cor-vision-corredera-rpt\/#primaryimage\",\"inLanguage\":\"es\",\"url\":\"https:\/\/aluminismercade.com\/wp-content\/uploads\/2018\/01\/COR-VISION-orto.jpg\",\"contentUrl\":\"https:\/\/aluminismercade.com\/wp-content\/uploads\/2018\/01\/COR-VISION-orto.jpg\",\"width\":768,\"height\":768,\"caption\":\"Aluminis Mercad\u00e9\"},{\"@type\":\"WebPage\",\"@id\":\"https:\/\/aluminismercade.com\/es\/producto\/ventanas-correderas-es\/cor-vision-corredera-rpt\/#webpage\",\"url\":\"https:\/\/aluminismercade.com\/es\/producto\/ventanas-correderas-es\/cor-vision-corredera-rpt\/\",\"name\":\"Ventanas Correderas Cortizo de Lleida\",\"isPartOf\":{\"@id\":\"https:\/\/aluminismercade.com\/#website\"},\"primaryImageOfPage\":{\"@id\":\"https:\/\/aluminismercade.com\/es\/producto\/ventanas-correderas-es\/cor-vision-corredera-rpt\/#primaryimage\"},\"datePublished\":\"2018-01-11T10:12:59+00:00\",\"dateModified\":\"2019-02-05T16:17:35+00:00\",\"description\":\"Suministro y colocaci\u00f3n de ventanas de aluminio y PVC, marcas Cortizo y Komerling.\",\"breadcrumb\":{\"@id\":\"https:\/\/aluminismercade.com\/es\/producto\/ventanas-correderas-es\/cor-vision-corredera-rpt\/#breadcrumb\"},\"inLanguage\":\"es\",\"potentialAction\":[{\"@type\":\"ReadAction\",\"target\":[\"https:\/\/aluminismercade.com\/es\/producto\/ventanas-correderas-es\/cor-vision-corredera-rpt\/\"]}]},{\"@type\":\"BreadcrumbList\",\"@id\":\"https:\/\/aluminismercade.com\/es\/producto\/ventanas-correderas-es\/cor-vision-corredera-rpt\/#breadcrumb\",\"itemListElement\":[{\"@type\":\"ListItem\",\"position\":1,\"name\":\"Portada\",\"item\":\"https:\/\/aluminismercade.com\/es\/\"},{\"@type\":\"ListItem\",\"position\":2,\"name\":\"Botiga\",\"item\":\"https:\/\/aluminismercade.com\/botiga\/\"},{\"@type\":\"ListItem\",\"position\":3,\"name\":\"COR Visi\u00f3n Corredera RPT\"}]}]}<\/script>\n<!-- \/ Yoast SEO plugin. -->","yoast_head_json":{"title":"Ventanas Correderas Cortizo de Lleida","description":"Suministro y colocaci\u00f3n de ventanas de aluminio y PVC, marcas Cortizo y Komerling.","robots":{"index":"index","follow":"follow","max-snippet":"max-snippet:-1","max-image-preview":"max-image-preview:large","max-video-preview":"max-video-preview:-1"},"canonical":"https:\/\/aluminismercade.com\/es\/producto\/ventanas-correderas-es\/cor-vision-corredera-rpt\/","og_locale":"es_ES","og_type":"article","og_title":"Ventanas Correderas Cortizo de Lleida","og_description":"Suministro y colocaci\u00f3n de ventanas de aluminio y PVC, marcas Cortizo y Komerling.","og_url":"https:\/\/aluminismercade.com\/es\/producto\/ventanas-correderas-es\/cor-vision-corredera-rpt\/","og_site_name":"Aluminis Mercad\u00e9 - Lleida, Torrefarrera, tancaments, pvc, reparacions, mampares, persianes, mosquiteres, barenes, portes, enrollables, estores, toldo, sostres, etc.","article_modified_time":"2019-02-05T16:17:35+00:00","og_image":[{"width":768,"height":768,"url":"https:\/\/aluminismercade.com\/wp-content\/uploads\/2018\/01\/COR-VISION-orto.jpg","type":"image\/jpeg"}],"twitter_card":"summary","twitter_misc":{"Tiempo de lectura":"1 minuto"},"schema":{"@context":"https:\/\/schema.org","@graph":[{"@type":"WebSite","@id":"https:\/\/aluminismercade.com\/#website","url":"https:\/\/aluminismercade.com\/","name":"Aluminis Mercad\u00e9 - Lleida, Torrefarrera, tancaments, pvc, reparacions, mampares, persianes, mosquiteres, barenes, portes, enrollables, estores, toldo, sostres, etc.","description":"Lleida, Torrefarrera, tancaments, pvc, reparacions, mampares, persianes, mosquiteres, barenes, portes, enrollables, estores, toldo, sostres, etc.","potentialAction":[{"@type":"SearchAction","target":{"@type":"EntryPoint","urlTemplate":"https:\/\/aluminismercade.com\/?s={search_term_string}"},"query-input":"required name=search_term_string"}],"inLanguage":"es"},{"@type":"ImageObject","@id":"https:\/\/aluminismercade.com\/es\/producto\/ventanas-correderas-es\/cor-vision-corredera-rpt\/#primaryimage","inLanguage":"es","url":"https:\/\/aluminismercade.com\/wp-content\/uploads\/2018\/01\/COR-VISION-orto.jpg","contentUrl":"https:\/\/aluminismercade.com\/wp-content\/uploads\/2018\/01\/COR-VISION-orto.jpg","width":768,"height":768,"caption":"Aluminis Mercad\u00e9"},{"@type":"WebPage","@id":"https:\/\/aluminismercade.com\/es\/producto\/ventanas-correderas-es\/cor-vision-corredera-rpt\/#webpage","url":"https:\/\/aluminismercade.com\/es\/producto\/ventanas-correderas-es\/cor-vision-corredera-rpt\/","name":"Ventanas Correderas Cortizo de Lleida","isPartOf":{"@id":"https:\/\/aluminismercade.com\/#website"},"primaryImageOfPage":{"@id":"https:\/\/aluminismercade.com\/es\/producto\/ventanas-correderas-es\/cor-vision-corredera-rpt\/#primaryimage"},"datePublished":"2018-01-11T10:12:59+00:00","dateModified":"2019-02-05T16:17:35+00:00","description":"Suministro y colocaci\u00f3n de ventanas de aluminio y PVC, marcas Cortizo y Komerling.","breadcrumb":{"@id":"https:\/\/aluminismercade.com\/es\/producto\/ventanas-correderas-es\/cor-vision-corredera-rpt\/#breadcrumb"},"inLanguage":"es","potentialAction":[{"@type":"ReadAction","target":["https:\/\/aluminismercade.com\/es\/producto\/ventanas-correderas-es\/cor-vision-corredera-rpt\/"]}]},{"@type":"BreadcrumbList","@id":"https:\/\/aluminismercade.com\/es\/producto\/ventanas-correderas-es\/cor-vision-corredera-rpt\/#breadcrumb","itemListElement":[{"@type":"ListItem","position":1,"name":"Portada","item":"https:\/\/aluminismercade.com\/es\/"},{"@type":"ListItem","position":2,"name":"Botiga","item":"https:\/\/aluminismercade.com\/botiga\/"},{"@type":"ListItem","position":3,"name":"COR Visi\u00f3n Corredera RPT"}]}]}},"_links":{"self":[{"href":"https:\/\/aluminismercade.com\/es\/wp-json\/wp\/v2\/product\/2350"}],"collection":[{"href":"https:\/\/aluminismercade.com\/es\/wp-json\/wp\/v2\/product"}],"about":[{"href":"https:\/\/aluminismercade.com\/es\/wp-json\/wp\/v2\/types\/product"}],"wp:featuredmedia":[{"embeddable":true,"href":"https:\/\/aluminismercade.com\/es\/wp-json\/wp\/v2\/media\/2040"}],"wp:attachment":[{"href":"https:\/\/aluminismercade.com\/es\/wp-json\/wp\/v2\/media?parent=2350"}],"curies":[{"name":"wp","href":"https:\/\/api.w.org\/{rel}","templated":true}]}}

COR Visión Corredera RPT

<p>[vc_row][vc_column][vc_tta_tabs][vc_tta_section title=»Datos Técnicos» tab_id=»1515660728564-a9742037-414f914c-668b»][vc_row_inner][vc_column_inner width=»1/2&#8243;][vc_column_text]</p>
<div style="color: black;"><strong>Espesor máximo de vidrio:</strong> 30 mm<br />
<strong>Conjuntos:</strong> Marc &#8211; 116 mm monocarril; 182 mm tricarril / Hoja &#8211; 37 mm<br />
<strong>Grosor del perfil:</strong> Puerta 1,7 mm<br />
<strong>Longitud de la tira de poliamida:</strong> 16 a 24 mm</div>
<p>[/vc_column_text][/vc_column_inner][vc_column_inner width=»1/2&#8243;][vc_column_text]</p>
<div style="color: black;"><strong>Posibilidades de apertura:</strong><br />
Corredera de 2, 3, 4, y 6 hojas.<br />
Posibilidad mono y tricarril.<br />
Posibilidad de encuentros a 90º sin parteluz.<br />
Glandage de 1 y 2 hojas</div>
<p>[/vc_column_text][/vc_column_inner][/vc_row_inner][/vc_tta_section][vc_tta_section title=»Acabados &#8211; Dimensiones &#8211; Peso» tab_id=»1515663150668-47ba11f3-6355914c-668b»][vc_row_inner][vc_column_inner width=»1/2&#8243;][vc_column_text]</p>
<div style="color: black;">
<p><strong><span class="notranslate">Acabados:<br />
</span></strong>Posibilidad de sistemas bicolores<br />
Recubrimiento en polvo de color (RAL, maltratadas y ásperas)<br />
Revestimiento en polvo de efecto de madera<br />
Recubrimiento en polvo antibacteriano<br />
Anodinado</p>
</div>
<p>[/vc_column_text][/vc_column_inner][vc_column_inner width=»1/2&#8243;][vc_column_text]</p>
<div style="color: black;">
<p><strong>Dimensiones máximas / hoja:</strong><br />
Ancho (L) = 2.200 mm<br />
Altura (H) = 3.000 mm</p>
<p><strong>Peso máximo / hoja: </strong><span class="notranslate">320 kg<br />
<em>Consulta sobre el peso máximo y las dimensiones según los tipos</em><br />
</span></p>
<p>&nbsp;</p>
</div>
<p>[/vc_column_text][/vc_column_inner][/vc_row_inner][/vc_tta_section][/vc_tta_tabs][/vc_column][/vc_row]</p>

<div style="color: black;">
<h4>Descripción[dt_divider style="thin" /]</h4>
<p>Sistema de corredera con rotura de puente térmico de diseño vanguardista que permite máxima luminosidad.<br />
Posibilidad de embutir los marcos inferiores, superiores y laterales.<br />
En la versión monocarril, presenta un carril oculto en la zona fija.</p>
<p><a href="http://aluminismercade.com/es/contacto/"><img loading="lazy" class="alignnone size-medium wp-image-2247" src="http://aluminismercade.com/wp-content/uploads/2018/01/boto_final_es-300x58.png" alt="" width="300" height="58" srcset="https://aluminismercade.com/wp-content/uploads/2018/01/boto_final_es-300x58.png 300w, https://aluminismercade.com/wp-content/uploads/2018/01/boto_final_es-768x147.png 768w, https://aluminismercade.com/wp-content/uploads/2018/01/boto_final_es-1024x197.png 1024w, https://aluminismercade.com/wp-content/uploads/2018/01/boto_final_es.png 1875w" sizes="(max-width: 300px) 100vw, 300px" /></a></p>
</div>

<!-- This site is optimized with the Yoast SEO plugin v18.3 - https://yoast.com/wordpress/plugins/seo/ -->
<title>Ventanas Correderas Cortizo de Lleida</title>
<meta name="description" content="Suministro y colocación de ventanas de aluminio y PVC, marcas Cortizo y Komerling." />
<meta name="robots" content="index, follow, max-snippet:-1, max-image-preview:large, max-video-preview:-1" />
<link rel="canonical" href="https://aluminismercade.com/es/producto/ventanas-correderas-es/cor-vision-corredera-rpt/" />
<meta property="og:locale" content="es_ES" />
<meta property="og:type" content="article" />
<meta property="og:title" content="Ventanas Correderas Cortizo de Lleida" />
<meta property="og:description" content="Suministro y colocación de ventanas de aluminio y PVC, marcas Cortizo y Komerling." />
<meta property="og:url" content="https://aluminismercade.com/es/producto/ventanas-correderas-es/cor-vision-corredera-rpt/" />
<meta property="og:site_name" content="Aluminis Mercadé - Lleida, Torrefarrera, tancaments, pvc, reparacions, mampares, persianes, mosquiteres, barenes, portes, enrollables, estores, toldo, sostres, etc." />
<meta property="article:modified_time" content="2019-02-05T16:17:35+00:00" />
<meta property="og:image" content="https://aluminismercade.com/wp-content/uploads/2018/01/COR-VISION-orto.jpg" />
	<meta property="og:image:width" content="768" />
	<meta property="og:image:height" content="768" />
	<meta property="og:image:type" content="image/jpeg" />
<meta name="twitter:card" content="summary" />
<meta name="twitter:label1" content="Tiempo de lectura" />
	<meta name="twitter:data1" content="1 minuto" />
<script type="application/ld+json" class="yoast-schema-graph">{"@context":"https://schema.org","@graph":[{"@type":"WebSite","@id":"https://aluminismercade.com/#website","url":"https://aluminismercade.com/","name":"Aluminis Mercadé - Lleida, Torrefarrera, tancaments, pvc, reparacions, mampares, persianes, mosquiteres, barenes, portes, enrollables, estores, toldo, sostres, etc.","description":"Lleida, Torrefarrera, tancaments, pvc, reparacions, mampares, persianes, mosquiteres, barenes, portes, enrollables, estores, toldo, sostres, etc.","potentialAction":[{"@type":"SearchAction","target":{"@type":"EntryPoint","urlTemplate":"https://aluminismercade.com/?s={search_term_string}"},"query-input":"required name=search_term_string"}],"inLanguage":"es"},{"@type":"ImageObject","@id":"https://aluminismercade.com/es/producto/ventanas-correderas-es/cor-vision-corredera-rpt/#primaryimage","inLanguage":"es","url":"https://aluminismercade.com/wp-content/uploads/2018/01/COR-VISION-orto.jpg","contentUrl":"https://aluminismercade.com/wp-content/uploads/2018/01/COR-VISION-orto.jpg","width":768,"height":768,"caption":"Aluminis Mercadé"},{"@type":"WebPage","@id":"https://aluminismercade.com/es/producto/ventanas-correderas-es/cor-vision-corredera-rpt/#webpage","url":"https://aluminismercade.com/es/producto/ventanas-correderas-es/cor-vision-corredera-rpt/","name":"Ventanas Correderas Cortizo de Lleida","isPartOf":{"@id":"https://aluminismercade.com/#website"},"primaryImageOfPage":{"@id":"https://aluminismercade.com/es/producto/ventanas-correderas-es/cor-vision-corredera-rpt/#primaryimage"},"datePublished":"2018-01-11T10:12:59+00:00","dateModified":"2019-02-05T16:17:35+00:00","description":"Suministro y colocación de ventanas de aluminio y PVC, marcas Cortizo y Komerling.","breadcrumb":{"@id":"https://aluminismercade.com/es/producto/ventanas-correderas-es/cor-vision-corredera-rpt/#breadcrumb"},"inLanguage":"es","potentialAction":[{"@type":"ReadAction","target":["https://aluminismercade.com/es/producto/ventanas-correderas-es/cor-vision-corredera-rpt/"]}]},{"@type":"BreadcrumbList","@id":"https://aluminismercade.com/es/producto/ventanas-correderas-es/cor-vision-corredera-rpt/#breadcrumb","itemListElement":[{"@type":"ListItem","position":1,"name":"Portada","item":"https://aluminismercade.com/es/"},{"@type":"ListItem","position":2,"name":"Botiga","item":"https://aluminismercade.com/botiga/"},{"@type":"ListItem","position":3,"name":"COR Visión Corredera RPT"}]}]}</script>
<!-- / Yoast SEO plugin. -->

Suministro y colocación de ventanas de aluminio y PVC, marcas Cortizo y Komerling.

Aluminis Mercadé - Lleida, Torrefarrera, tancaments, pvc, reparacions, mampares, persianes, mosquiteres, barenes, portes, enrollables, estores, toldo, sostres, etc.

Aluminis Mercadé
